 1. What is q(2)?
17
Suppose 54 = 5*a + 2*s, 2*s - 6 = -s. Let k(g) = g**3 - 10*g**2 - 3*g + 15. What is k(a)?
-15
Suppose -3*a + 52 = -b, 2*b - 53 - 19 = -5*a. Let z = 7 - a. Let q(j) = j**3 + 10*j**2 + 8*j - 12. Let s be q(z). Let w(h) = -h**2 - 4*h. Determine w(s).
3
Let m(r) = -r**3 + 2*r**2 + 2*r + 4. Suppose 0 = -4*t - 0*t - 2*i + 4, 2*t - 22 = 4*i. Calculate m(t).
1
Suppose 4*u + 10 = -30. Let k be 1*2 - 20/u. Let o(j) = -2*j - 4. Calculate o(k).
-12
Suppose 4*g = 5*h + 25, 3*g = -0*g. Let l(d) = 4*d + 12. Let x(a) = a + 3. Let k(i) = -4*l(i) + 18*x(i). Determine k(h).
-4
Let h(y) = y**2 - 5*y + 3. Suppose -4*d - 5 + 17 = 0. Give h(d).
-3
Let w(f) = -f**3 + 6*f**2 - 8*f + 3. Let i(b) = -6*b**3 - b**2. Let t be (-6)/(-9) - (-5)/(-3). Let n be i(t). What is w(n)?
-12
Let w = -9 + 10. Let u(h) = 3*h. Determine u(w).
3
Let c(z) = -z**3 - 6*z**2 + 4. Let r be ((-15)/15)/((-2)/(-12)). Calculate c(r).
4
Let r(u) be the first derivative of -u**5/120 + u**4/24 - u**3 - 6. Let y(p) be the third derivative of r(p). Determine y(-2).
3
Let l(b) = b**3 - 2*b**2 + 1. Let h be -2*(-3)/(-2) + 4. Calculate l(h).
0
Suppose 0 = 3*f - 2*z + 6*z - 30, -3*f + 30 = z. Let b = f - 14. Let q(l) = -2*l**2 - 7*l - 4. Give q(b).
-8
Let m(a) = a**3 + 8*a**2 + 3*a + 1. Let c(v) = 3*v**3 + 24*v**2 + 8*v + 4. Let g(w) = -3*c(w) + 8*m(w). What is g(-8)?
-4
Suppose 0 = 4*a - 3*a + 2*u + 13, 28 = -4*a + 4*u. Let j = -7 - a. Let s(z) = -8*z + 2 + z**2 + j*z + 2 + 0*z**2. Determine s(5).
-1
Let q(g) = -13*g**3 + 5*g**2 + 17*g + 11. Let p(t) = 7*t**3 - 3*t**2 - 9*t - 6. Let m(l) = 11*p(l) + 6*q(l). Suppose 0*d = -4*d - 12. Give m(d).
-9
Let y(q) be the second derivative of -1/12*q**4 - q**2 - q - 1/2*q**3 + 0. Give y(-2).
0
Let h(l) be the third derivative of 0*l + 5/6*l**3 + l**2 + 0 - 1/24*l**4. Give h(-5).
10
Let p(t) = -t**2 + 3*t + 1. Suppose 3*s - 11 = -4*k, -5*s + s = -4*k + 32. Let a be s/(-1*(-9)/(-15)). Give p(a).
-9
Let n(h) = -h - 4. Let i be (-2)/4*10/1. Let f be n(i). Let b(y) = -2*y. Give b(f).
-2
Let f(r) = -10*r + 1. Let k be 10/25 + 13/5. Let w(o) = -o + 4. Let p be w(k). Determine f(p).
-9
Let f(o) be the second derivative of -o**3/6 - 5*o**2/2 - 2*o. Let i be (9/(-6))/(3/(-8)). Give f(i).
-9
Let n(a) = -a**2 + 5*a + 1. Let o be (-28)/6*(-12)/14. What is n(o)?
5
Let b(v) = -v + 1. Let u(x) = 4*x - 5. Let o(s) = 3*b(s) + u(s). Let k(p) = -p**2 + 8*p - 8. Let d be k(6). Determine o(d).
2
Let h(m) = -m**3 + m**2 + 1. Let o(c) = c**2 + c - 2. Let x(u) = h(u) + o(u). Give x(3).
-7
Let i(u) be the first derivative of 0*u + 2*u**3 + 4 - 1/2*u**2. Determine i(1).
5
Suppose -3*s + 4 = -2. Suppose s*r + 3 = 9. Let i(h) = 2*h**2 + 5 + r*h**2 - 4*h**2. Determine i(0).
5
Suppose 0 = -3*j + 2*d - 4*d + 13, -17 = -3*j - 4*d. Let a(y) = -4 + 2 - 3*y + 0*y**2 + y**2. Determine a(j).
-2
Let t(q) = 9*q + 2*q - 24*q + 3*q. Calculate t(-1).
10
Let z(q) = q**3 - 6*q**2 + 3*q. Let t(w) = -w**3 + 3*w**2 + 2*w - 6. Let j be t(2). Calculate z(j).
-10
Let q(o) be the third derivative of -o**2 + 0 - 1/15*o**5 + 0*o + 0*o**4 + 0*o**3. Determine q(1).
-4
Let t(d) = 3*d + 14. Let o(j) = -j - 1. Let q(y) = 5*o(y) + t(y). Let w be ((-10)/2 - 1)*-1. Calculate q(w).
-3
Let k(x) = 32*x**2 + 14*x + 3. Let h(t) = 21*t**2 + 9*t + 2. Let c(b) = 8*h(b) - 5*k(b). Calculate c(-1).
7
Let w(r) be the first derivative of r**3/3 - 5*r**2 + 7*r + 30. Determine w(7).
-14
Let w(h) = 3*h - 6. Let q(d) = -d + 2. Let s(l) = 11*q(l) + 4*w(l). Give s(2).
0
Suppose 2*j + 4 = 6*j - 3*g, 0 = -4*g. Let o(a) = 2*a + 4. Let l(b) = -3*b - 7. Let i(v) = -3*l(v) - 5*o(v). What is i(j)?
0
Let m(t) = 246*t - 122*t - 8 + t**3 - 125*t. Suppose 4*j + 32 = j - 4*q, -j - q - 9 = 0. Let d be (-4)/(-10) - j/(-10). Give m(d).
-8
Let b(t) = t**3 - 5*t**2 + 3*t. Let f(q) = 2*q + 60. Let a be f(-29). What is b(a)?
-6
Let r(y) = -58*y + 8 + 29*y + 30*y. Calculate r(-4).
4
Suppose 0 = 5*p - 9*p. Let d(q) be the second derivative of q**4/12 + q**3/6 - 3*q**2/2 - q. Give d(p).
-3
Let u(m) = m + 8. Let x be u(-6). Let c(r) = 4 + 6*r - 3*r**2 - 1 + 4*r**x. Determine c(-3).
-6
Let p(c) = -c**3 - c + 2. Let q = 32 + -32. Give p(q).
2
Let p(v) = v**3 + 7*v**2 - 7*v + 8. Let c be p(-8). Let i = c + 0. Let w(l) = -3*l**3 - 34 + 4*l**3 + 43 - 2*l**3. Calculate w(i).
9
Let n(b) = -2*b**3 + 3*b**2 + 7*b + 9. Let c(r) = 3*r**3 - 5*r**2 - 11*r - 13. Let d(z) = 5*c(z) + 8*n(z). Determine d(0).
7
Let w(l) = -5*l**2 - l - 1. Let t(h) = -h**2 - 1. Let g(b) = 2*t(b) - w(b). Determine g(1).
3
Let z(s) = s**3 + 2*s**2 - 3*s - 1. Suppose -4*v - 10 = -k - k, -5*v - 20 = 0. What is z(k)?
-1
Let o(k) = k**3 + k**2 - 3*k + 3. Let a be ((-1)/1)/((-8)/(-48)). Let h be 4 + a + 1/(-1). What is o(h)?
-6
Let f(g) = -3*g + 5. Suppose 2*d - 4*d = 4*u - 16, -5*u = -5. Determine f(d).
-13
Let w(h) = -h + 1. Let n(m) = 10*m - 3. Let t(c) = -n(c) - 6*w(c). Let g be t(-2). Let u be 8/10 - (-1)/g. Let z(k) = 5*k**2 - 1. Determine z(u).
4
Let f(b) be the third derivative of b**2 + 0*b + 0 - 4/3*b**3 + 1/24*b**4. Give f(5).
-3
Suppose -5*i + 6 = -2*i. Let s(j) be the second derivative of 1/6*j**3 - 3*j**i + 0 - 2*j. Give s(5).
-1
Suppose -6 = -m - 3*c - 0*c, -3*c = 2*m. Let s(w) = 4 + 2*w - 2*w + 3*w. Determine s(m).
-14
Let d = -13 - -9. Let i be 6/d*(-4)/6. Let c(s) be the second derivative of -9*s**5/20 - s**4/12 + 2*s. Calculate c(i).
-10
Let k(j) be the third derivative of j**6/120 + 7*j**5/60 + j**4/4 - j**3/6 + 5*j**2. What is k(-5)?
19
Let w be (-4)/(-6)*(-15)/(-2). Let l(d) be the second derivative of d**5/20 - 5*d**4/12 + d**3/6 - d**2 + 6*d. What is l(w)?
3
Let b(q) = 3*q - 5 - 3 + 7 - 4. What is b(5)?
10
Let z(o) = -5*o - 4. Let u(x) = -2*x - 1. Let j(v) = 8*u(v) - 3*z(v). Let t(i) = -i**2 - 8*i + 23. Let m be t(-10). Calculate j(m).
1
Let n(v) = -2*v**3 - 2*v**2 + 3. Let g(d) = d**3 + 2*d**2 - 2. Let x(h) = -3*g(h) - 2*n(h). Give x(1).
-1
Let y(t) = t**3 - 11*t**2 + t - 8. Let m be y(11). Suppose -2 = m*h + 4. Let j(g) = -g**3 - g**2 + 2*g + 2. What is j(h)?
2
Suppose 9*c + 4*c + 13 = 0. Let v(q) = -q**3 - q + q**2 - 1 + 0*q**3 + 5*q**3 - q**3. What is v(c)?
-2
Let k(p) = -2*p + 7. Let h(j) = 4*j - 3. Let n be h(2). Let r be k(n). Let b(g) = g**3 + 3*g**2 + 3*g + 2. What is b(r)?
-7
Let i be 0 + -3 - 2*-2. Let l(g) = -3*g**2 - 6*g - 1 - g**3 - i - 4*g**2 + 3. Give l(-6).
1
Let g(d) be the second derivative of 0*d**4 + 0*d**2 + 2*d - 1/3*d**3 + 7/120*d**5 + 0. Let y(n) be the second derivative of g(n). Give y(1).
7
Let w(a) be the second derivative of a**4/12 - 5*a**3/6 + 22*a. Calculate w(5).
0
Suppose 0*k - k - 2 = 0. Let b(h) be the third derivative of 0*h**4 + 0 - 1/30*h**5 + 0*h + 0*h**3 - h**2. Calculate b(k).
-8
Let y(m) = -3 + 3*m**2 - 4*m**2 + 4*m - 3*m. Let v(w) = -w**3 + 2*w**2 + 8*w. Let a be v(4). Give y(a).
-3
Suppose j = 3*j - 46. Suppose 5*g = -j - 2. Let p(a) = -a**3 - 5*a**2 + 2*a + 6. Calculate p(g).
-4
Let f(r) = -6*r + 1 + 4*r + r. Let z(t) = -t + 2. Let o be z(0). Let m be -4 + o + 4/(-2). Give f(m).
5
Let n(z) = -z**3 + 9*z**2 + 11*z - 8. Let m be n(10). Let y(w) = -2*w + 6. Let r be y(4). Let d = r + m. Let a(b) = -b**2 - 2. Calculate a(d).
-2
Let p be 65/(-26)*2*1. Let o(v) = -2*v**2 - 8*v - 5. Determine o(p).
-15
Let y(x) = x + 11. Let m be y(-11). Suppose u + 5 = -2*n - m*n, -3*u - n = 10. Let p(l) = -l**3 - 2*l**2 - l - 3. Calculate p(u).
9
Let h(q) be the second derivative of q**4/12 + 4*q**3/3 + 2*q**2 + 4*q. What is h(-6)?
-8
Let q(h) = 5*h**2 - 8 + 5*h - 3 - 4*h + 12. What is q(-1)?
5
Let i(x) = -x**3 - 4*x**2 - 3*x + 4. Let r be i(-3). Let h(g) = 0 - 5*g**2 + g - r + 4. Give h(1).
-4
Let j(h) = -h - 4. Let p = -13 + 7. Let w be j(p). Suppose 3*o - w = 4. Let q(v) = v**2 - 2*v - 2. What is q(o)?
-2
Let t(s) = -s**2 - 12*s - 3. Let l(y) = 2*y**2 + 23*y + 6. Let j(d) = -6*l(d) - 11*t(d). Determine j(-6).
-3
Let o(u) = 7*u**3 - 5*u**2 + 3*u. Let s(c) = 3*c**3 - 3*c**2 + 2*c. Let k(a) = 3*o(a) - 5*s(a). Let r(x) = -x - 3. Let h be r(-2). Determine k(h).
-5
Suppose o - 3*q = 4, 0*o + o = -3*q + 22. Suppose -f + 3*u = -o, -2*f + 0*u + 2 = 2*u. Let k(g) = -4 + 1 + 2*g - g. What is k(f)?
1
Let q(j) = -j - 5. Let s be q(0). Let n be (0 - -3)/((-1)/s). Let f be (1 - 0)/((-3)/n). Let l(y) = -y**3 - 4*y**2 + 5*y + 3. Calculate l(f).
3
Let